42033331
In base 2, what is -10010101011100010 + -100001101100?
-10011001101001110
In base 14, what is 4 - 8734aad?
-8734aa9
In base 7, what is -330362 + 2140?
-325222
In base 14, what is 539b59b - -2?
539b59d
In base 13, what is -25109 - 5a81?
-2ab8a
In base 10, what is -11680828 - 9?
-11680837
In base 6, what is 121425 - 304?
121121
In base 11, what is 29310 - -67?
29377
In base 7, what is -24645 + -251?
-25226
In base 6, what is 2013 - 1400324?
-1354311
In base 4, what is 10 + 30311112333?
30311113003
In base 6, what is -55 - 440114243?
-440114342
In base 10, what is 12 - -8614270?
8614282
In base 13, what is 0 - -906375?
906375
In base 5, what is -1002243120 + -21?
-1002243141
In base 14, what is cc - -b961?
ba4d
In base 12, what is 5a188a7 + 25?
5a18910
In base 11, what is 141a56 - 690?
141376
In base 15, what is 0 + -4385b07?
-4385b07
In base 16, what is 13 - -7ff534?
7ff547
In base 6, what is -5020442 - 10?
-5020452
In base 10, what is 10371975 - 2?
10371973
In base 7, what is -20323 + -425326?
-445652
In base 15, what is 2d7 + 15d21?
16108
In base 8, what is 312 - -2017716?
2020230
In base 10, what is 22976 - 1027?
21949
In base 4, what is 1130332303010 + -10?
1130332303000
In base 3, what is -222012 - -100201122022?
100200200010
In base 2, what is -110101111110011010101000 - 0?
-110101111110011010101000
In base 5, what is -34013 - -3430114?
3341101
In base 16, what is 2 - 34866c4?
-34866c2
In base 2, what is 1000010 - -1000111111110000000110?
1000111111110001001000
In base 12, what is -aa9 + -32?
-b1b
In base 14, what is 2 - 3c84c5?
-3c84c3
In base 8, what is -1 - 50061762?
-50061763
In base 4, what is -12301 - -2121003?
2102102
In base 15, what is -312e08e - -1?
-312e08d
In base 14, what is -3 - 2018415?
-2018418
In base 6, what is 3 + -201553035?
-201553032
In base 11, what is -570568 + -704?
-571171
In base 6, what is -1 - 53251003?
-53251004
In base 13, what is -24405c7 + -26?
-2440620
In base 12, what is 5 + -9644aa5?
-9644aa0
In base 4, what is -3100213120 + -31?
-3100213211
In base 12, what is 275ab + -79?
27532
In base 6, what is -21325221 + -303?
-21325524
In base 16, what is b0df + 16?
b0f5
In base 15, what is 2 + 148b3ac?
148b3ae
In base 13, what is 1950c08 + -2?
1950c06
In base 16, what is -bcc4a - ea?
-bcd34
In base 10, what is 4351793 + 0?
4351793
In base 6, what is -10205430 - 11550?
-10221420
In base 3, what is -2100 - -111100210020?
111100200220
In base 2, what is -11 - 11110000001000011100?
-11110000001000011111
In base 7, what is 4 + 126255062?
126255066
In base 14, what is 4 + 747d4c?
747d52
In base 7, what is -26350 - -402026?
342346
In base 6, what is 332315001 + 21?
332315022
In base 15, what is -1dd4dc31 - 3?
-1dd4dc34
In base 3, what is 0 + -11210021110020?
-11210021110020
In base 7, what is -116 - -516413?
516264
In base 14, what is -27a37 + c4?
-27953
In base 13, what is 6c2 - -403?
ac5
In base 5, what is -302321124 - -103?
-302321021
In base 4, what is 132 + -113112121320?
-113112121122
In base 3, what is -20 + -120200022000112?
-120200022000202
In base 5, what is 4 + 24104204134?
24104204143
In base 13, what is 8035 + 16c0?
9725
In base 4, what is -1002 - 3320231233?
-3320232301
In base 16, what is 3a + -6233e?
-62304
In base 10, what is 163362 - -23?
163385
In base 16, what is 2cc + -fe8?
-d1c
In base 3, what is -11210212001012122 + 0?
-11210212001012122
In base 16, what is -5 - 5540e?
-55413
In base 9, what is 2267 - 376?
1781
In base 9, what is -64361 + -140?
-64511
In base 10, what is 223269852 - 0?
223269852
In base 7, what is -20643366 + 142?
-20643224
In base 16, what is 23f2c7 - -3?
23f2ca
In base 6, what is 3052455 - -434?
3053333
In base 15, what is -5 + 1dc67d3?
1dc67cd
In base 12, what is -14346 - -86?
-14280
In base 15, what is bab + -2b009?
-2a34d
In base 7, what is 16 + 3631505?
3631524
In base 3, what is 1 - -10200220202110?
10200220202111
In base 6, what is -15 + 223050345?
223050330
In base 10, what is -63 - 1829093?
-1829156
In base 15, what is e1 + -5d2305?
-5d2214
In base 14, what is 3 - d19bc?
-d19b9
In base 12, what is 2a19b7 + 18?
2a1a13
In base 8, what is 106466 - 15167?
71277
In base 16, what is -ab0 - -417a?
36ca
In base 11, what is -25a250805 - 3?
-25a250808
In base 15, what is -5ab9cd - -23?
-5ab9aa
In base 5, what is 1011342310 - -1?
1011342311
In base 8, what is -12343 - 14462?
-27025
In base 6, what is 20000 - -225224?
245224
In base 8, what is 1130171 - 6?
1130163
In base 11, what is 242 + 61244?
61486
In base 15, what is -1e06 - d0d?
-2c14
In base 14, what is 3 + 2869aa?
2869ad
In base 8, what is 117 + -24400210?
-24400071
In base 10, what is 59920 - 2086?
57834
In base 16, what is -9bcecf6 + -1?
-9bcecf7
In base 8, what is -5 + -206634013?
-206634020
In base 2, what is -101 + -101100111011101010110101111?
-101100111011101010110110100
In base 3, what is -1112100010001020 - 1?
-1112100010001021
In base 14, what is 3a6d9 - -4?
3a6dd
In base 13, what is 876 + -1147?
-5a1
In base 13, what is 2bab0b + -5?
2bab06
In base 4, what is -10020 + 22212301?
22202221
In base 5, what is 24112332132 + 0?
24112332132
In base 15, what is 1b + 199ca?
199e6
In base 14, what is -15 - 1637172?
-1637187
In base 10, what is 2 - 2597786?
-2597784
In base 16, what is -349 - -ebd?
b74
In base 14, what is 3bda719 + 0?
3bda719
In base 4, what is -320300122300 - -1023?
-320300121211
In base 5, what is -3242334 - -111200?
-3131134
In base 4, what is 30 + -11000331303?
-11000331213
In base 12, what is 231b80 - 73?
231b09
In base 5, what is 4414 + -3200022?
-3140103
In base 12, what is 654570b6 + -5?
654570b1
In base 16, what is -4ba + b737?
b27d
In base 13, what is -4 - -2bc2399?
2bc2395
In base 3, what is -20010020101 - 1102221?
-20011200022
In base 12, what is 155aab6 - -a?
155ab04
In base 5, what is 2 + -1103333331?
-1103333324
In base 5, what is -10022312332 + 1?
-10022312331
In base 9, what is 207806 - -376?
208283
In base 14, what is 3c8 - 7c4?
-3da
In base 6, what is -2000 + -254425?
-300425
In base 7, what is -2461563360 - -3?
-2461563354
In base 15, what is 72 - -747b?
74ed
In base 7, what is 61466 - 301?
61165
In base 12, what is -2283725 - -b?
-2283716
In base 3, what is -122200100 - 1021001?
-200221101
In base 16, what is -8 + -12e8ec9?
-12e8ed1
In base 5, what is -4 - 324213424?
-324213433
In base 2, what is 100001100 + 100101000010100001110?
100101000011000011010
In base 7, what is -2633534 + -22?
-2633556
In base 16, what is d0b + 1c7?
ed2
In base 12, what is -23 + -1506a97?
-1506aba
In base 16, what is -4a + -a0bcf?
-a0c19
In base 6, what is 1454552 + -4211?
1450341
In base 14, what is -1a886c - -1b?
-1a8851
In base 3, what is -10122001 - -11002201120?
10222002112
In base 12, what is 7 - 1727618?
-1727611
In base 10, what is 14 + -1466269?
-1466255
In base 15, what is -5 + -9c43a09?
-9c43a0e
In base 7, what is 315246004 - 4?
315246000
In base 11, what is -488 - 7975?
-8352
In base 13, what is -5b6 + -91a3?
-9789
In base 10, what is -6852188 - -30?
-6852158
In base 8, what is -1340642305 + 3?
-1340642302
In base 10, what is 19 + -4219510?
-4219491
In base 4, what is -1 + -22221311130?
-22221311131
In base 16, what is 5 + -23c2714?
-23c270f
In base 15, what is -2b24b9 + -101?
-2b25ba
In base 14, what is 5092b1ca - 5?
5092b1c5
In base 9, what is -2660 - 2320?
-5080
In base 16, what is -38d6bdf - -1?
-38d6bde
In base 6, what is 155530330024 + 3?
155530330031
In base 15, what is -46 + 10bc9?
10b83
In base 11, what is -208541 - -577?
-207a75
In base 13, what is -18b40 + 147?
-189c6
In base 7, what is -322015334 + 156?
-322015145
In base 12, what is -10573a07 + a?
-105739b9
In base 14, what is 29 - 13326?
-132db
In base 2, what is 1101101011110011 + -10010100110?
1101011001001101
In base 8, what is -50 + -1351675?
-1351745
In base 12, what is 64a - 5bba?
-5570
In base 15, what is 1789 + -191?
15e8
In base 13, what is -5 + -1a6892b?
-1a68933
In base 3, what is 12120112111212 - 112?
12120112111100
In base 14, what is 91616736 + 2?
91616738
In base 12, what is 16 + 589b0a?
589b24
In base 4, what is 30323 + -1112310?
-1021321
In base 9, what is 17 + -7863663?
-7863645
In base 7, what is -42 + 40425340?
40425265
In base 6, what is -3255 + -134322?
-142021
In base 7, what is 0 + 20006441?
2000644